-2f91
In base 13, what is -1571 + -351?
-18c2
In base 11, what is 10587 + -8?
1057a
In base 2, what is -1010001000010101011001 - -100?
-1010001000010101010101
In base 10, what is 1070 - 43?
1027
In base 14, what is -1 + -6d8b9?
-6d8ba
In base 15, what is -1a1 + -26?
-1c7
In base 16, what is -2cb - -23?
-2a8
In base 4, what is -3 + -10232322?
-10232331
In base 7, what is -4301422 - 1?
-4301423
In base 14, what is 4b - -28?
75
In base 4, what is -133 + 231230?
231031
In base 14, what is 13b491 - -2?
13b493
In base 11, what is -933 + 203?
-730
In base 11, what is -1681 + 72?
-160a
In base 2, what is 11101001100 - 100111?
11100100101
In base 2, what is 101 + 1101110111?
1101111100
In base 10, what is 32 - -336?
368
In base 14, what is -3 + -217b5?
-217b8
In base 10, what is -254290 - -3?
-254287
In base 7, what is 4 + 2633146?
2633153
In base 14, what is 8 + -292c6?
-292bc
In base 15, what is 1d8 - -b0?
298
In base 16, what is 4 - 4fc?
-4f8
In base 3, what is -120211100 + -21021?
-121002121
In base 13, what is 0 + -14b1?
-14b1
In base 10, what is -3046906 - -2?
-3046904
In base 15, what is 492ab + 4?
492b0
In base 8, what is -3 + -25320?
-25323
In base 12, what is -16aa0 - -2?
-16a9a
In base 10, what is 0 + -154221?
-154221
In base 6, what is 2 + 1143353?
1143355
In base 14, what is -1 - 43c4?
-43c5
In base 6, what is 350342420 - 5?
350342411
In base 9, what is 5 - 44081?
-44075
In base 2, what is 10000101001100 - -10100?
10000101100000
In base 14, what is -307 + a6?
-241
In base 10, what is 6758 - -6?
6764
In base 16, what is 48 + 66?
ae
In base 7, what is 46565 - 13?
46552
In base 16, what is febb + -4?
feb7
In base 2, what is 1101010011 - -1000?
1101011011
In base 10, what is 4 + -19029?
-19025
In base 3, what is 202001 - 121200?
10101
In base 16, what is 0 - 10c37?
-10c37
In base 3, what is 2201 + -10?
2121
In base 15, what is 10b7 + 16a?
1232
In base 13, what is -2a + 5b6?
589
In base 5, what is -24 + -304?
-333
In base 13, what is 92b7 + -5?
92b2
In base 3, what is 2101201201 - 2002?
2101122122
In base 3, what is 11 + -1122011222?
-1122011211
In base 6, what is -3501 + 2?
-3455
In base 6, what is 5 + 4030345?
4030354
In base 4, what is 302323020 - -1?
302323021
In base 15, what is 719c74 + -4?
719c70
In base 2, what is 1111011010001010 + 0?
1111011010001010
In base 13, what is -7401 - 9c?
-74a0
In base 16, what is -5 + -e47?
-e4c
In base 4, what is -101 - 122030?
-122131
In base 14, what is -7db + 21?
-7ba
In base 11, what is 93 - 971?
-889
In base 14, what is 19380 - b?
19373
In base 13, what is 1 + -26cc2c?
-26cc2b
In base 7, what is 5 + -61265?
-61260
In base 5, what is 4242304 + 4?
4242313
In base 13, what is 654a4a + -5?
654a45
In base 11, what is -7 - 59a?
-5a6
In base 4, what is 11 - 10230201021?
-10230201010
In base 10, what is 6087 - 3?
6084
In base 14, what is -19db3c - 4?
-19db42
In base 9, what is 120 - -1140?
1260
In base 12, what is 5 - 465b1?
-465a8
In base 2, what is 10111 - 1000101100011?
-1000101001100
In base 10, what is 704 + -121?
583
In base 11, what is -3 - 493?
-496
In base 7, what is 51424 + -2?
51422
In base 11, what is -133 - 68?
-1a0
In base 2, what is 1010011101 - 11000010?
111011011
In base 16, what is -8d56 - -12?
-8d44
In base 2, what is -11001111100110 + -11?
-11001111101001
In base 9, what is -4 - -28640?
28635
In base 3, what is 102 - -112011110?
112011212
In base 2, what is 10101110001 - -111010000?
11101000001
In base 8, what is 4107751 - -4?
4107755
In base 6, what is 55443 - 451?
54552
In base 11, what is 3 + -37a2a?
-37a27
In base 7, what is 230344 - -4?
230351
In base 5, what is 1203 + -202120?
-200412
In base 6, what is -3 - -425424?
425421
In base 6, what is -203340 + 20?
-203320
In base 15, what is 72bb + 5?
72c1
In base 10, what is 11 + -29066?
-29055
In base 16, what is -6d75 - -10?
-6d65
In base 14, what is 18 + -9532?
-9518
In base 2, what is -101111011 + 100010?
-101011001
In base 16, what is 1b53 - -9?
1b5c
In base 3, what is -1010 - -20011012?
20010002
In base 11, what is 2755 - 93?
2672
In base 15, what is -9b0 + -17?
-9c7
In base 4, what is 113212030 + -20?
113212010
In base 9, what is 3 + -348031?
-348027
In base 15, what is -143b + 4?
-1437
In base 13, what is 8 - 18233?
-18228
In base 2, what is 11001100100100001 + -10?
11001100100011111
In base 11, what is 3 + -13383?
-13380
In base 16, what is -28199a + -2?
-28199c
In base 4, what is 210021232 - -10?
210021302
In base 11, what is -558 + 9?
-54a
In base 14, what is -3c9b - 7?
-3ca4
In base 2, what is 1101 + 1000001011?
1000011000
In base 3, what is 10121 + 2212122?
10000020
In base 7, what is -4543 + 660?
-3553
In base 4, what is -1 + 111212030?
111212023
In base 7, what is -14041 + 250?
-13461
In base 4, what is -110232 - -301213?
130321
In base 10, what is -366 + -86?
-452
In base 8, what is 0 - -106570?
106570
In base 2, what is 100011010 + 10000001?
110011011
In base 8, what is -4 + -607?
-613
In base 9, what is 0 + -434268?
-434268
In base 12, what is 6 - -4939?
4943
In base 11, what is 10 - a2930?
-a2920
In base 2, what is -10111101010000001111000 - 0?
-10111101010000001111000
In base 11, what is -7 + 9a581?
9a575
In base 14, what is -a346c + -6?
-a3474
In base 11, what is -a88a - 3?
-a892
In base 3, what is -2120022 + -22?
-2120121
In base 12, what is -1823 - 18?
-183b
In base 4, what is -123320 + 1220?
-122100
In base 14, what is -b + -380?
-38b
In base 10, what is -289859 + 4?
-289855
In base 16, what is 4fb + 4?
4ff
In base 11, what is -8100 + -3?
-8103
In base 15, what is -3 + 8b6?
8b3
In base 12, what is 570a2 + -2?
570a0
In base 6, what is -2 - -41220?
41214
In base 14, what is -4c1772 + -3?
-4c1775
In base 13, what is 3 + 24795?
24798
In base 13, what is -29 - 5c4?
-620
In base 5, what is 10 + -120233?
-120223
In base 4, what is -12103 - 111?
-12220
In base 11, what is 312 - 73?
24a
In base 9, what is -25 + -472?
-507
In base 13, what is 0 - -92a00?
92a00
In base 5, what is -10 + -1313330?
-1313340
In base 12, what is 740 - -84?
804
In base 7, what is -6013 - -121?
-5562
In base 9, what is 1083 + -2?
1081
In base 16, what is -896a - 3?
-896d
In base 8, what is -105642 + 5?
-105635
In base 8, what is 132042 - 0?
132042
In base 12, what is 10251 + -29?
10224
In base 3, what is 222 - -12022102?
12100101
In base 2, what is 11 - 100110000101?
-100110000010
In base 15, what is -6 - -1e332?
1e32b
In base 8, what is -646 + -105?
-753
In base 5, what is 2 - -404030?
404032
In base 5, what is 1 + -41010222?
-41010221
In base 8, what is 244624 - -2?
244626
In base 3, what is -10011112 - -1100?
-10010012
In base 16, what is 2 - 10cea?
-10ce8
In base 11, what is 143632 + -1?
143631
In base 2, what is 1000010111 - -1101101011?
10110000010
In base 3, what is 101 + -2202101?
-2202000
In base 11, what is 367 - 2780?
-2414
In base 4, what is -3 - 131103033?
-131103102
In base 16, what is 2b + a798?
a7c3
In base 2, what is 0 + 1100110111011110?
1100110111011110
In base 16, what is 1753 + 5?
1758
In base 14, what is -9 - -23885?
2387a
In base 15, what is 468 - -48e?
907
In base 16, what is -ada0d + 2?
-ada0b
In base 16, what is 3 + 594f1?
594f4
In base 13, what is b + -7bca3?
-7bc95
In base 7, what is -60 - 23305?
-23365
In base 4, what is -12320203 - -21?
-12320122
In base 8, what is 1 + 2670674?
2670675
In base 16, what is 100 - 175?
-75
In base 2, what is -1 - -10001100010111?
10001100010110
In base 11, what is -3 + -16680?
-16683
In base 16, what is 3efb3 + 7?
3efba
In base 11, what is 186750 - 5?
186746
In base 2, what is -1000011001011 + -1000011?
-1000100001110
In base 6, what is -3 + -450204?
-450211
In base 2, what is -100111111111011001 - 110?
-100111111111011111
In base 15, what is -2 + 25c?
25a
In base 9, what is 203076 - 0?
203076
In base 4, what is 2220301 + 3?
2220310
In base 6, what is -22234 + 52?
-22142
In base 4, what is -31033 - 32111?
-123210
In base 7, what is -143 - -43504?
43331
In base 14, what is 75 - bc?
-47
In base 2, what is -1 + 101010000001111?
101010000001110
In base 16, what is 19 - -214b?
2164
In base 5, what is 400230 - 14?
400211
In base 14, what is 46211 - a?
46205
In base 16, what is -15f78 + -8?
-15f80
In base 4, what is 11 + -110132323?
-110132312
In base 5, what is 43 + -1334040?
-1333442
In base